ommon factor of 75 and z.
15
Let q = 2116 + -2060. What is the greatest common factor of q and 77?
7
Suppose -5*z = 5*o - 60, 4*z = -3*o + 36 + 2. Calculate the greatest common factor of o and 2.
2
Let k be (-110)/((-4)/((-16)/2)). Let u = -132 - k. What is the highest common divisor of u and 22?
22
Let u = 29 - 24. Suppose -4*w - 95 + 29 = -2*g, g + u*w = 54. What is the greatest common divisor of 273 and g?
39
Suppose 0 = -5*t - 93 + 348. Let x = t + -31. What is the greatest common factor of x and 180?
20
Let j(g) be the second derivative of 0 + 3/2*g**2 + 1/12*g**4 + 3*g + 1/3*g**3. Let u be j(-3). What is the greatest common divisor of u and 24?
6
Suppose -5*v + 13 = -7. Suppose 0*x - 2*x + v = 0. Suppose -x*y = 5*a + y - 27, 0 = 2*y + 2. Calculate the highest common factor of 42 and a.
6
Let z be 8/2*-1 - (0 - 122). Calculate the greatest common divisor of 2 and z.
2
Let t(l) = -21*l. Let f be t(-2). Let m be (-6)/2 + 30 + 12 + -11. Calculate the highest common factor of f and m.
14
Suppose 8*t = 7*t + 3. Let y be (-22)/(t + 28/(-8)). Calculate the greatest common factor of y and 11.
11
Suppose 0 = 3*h - 26*h + 115. Calculate the greatest common divisor of 1 and h.
1
Suppose -15*c + 38 = -13*c. Let t(h) = -h - 11. Let g be t(-8). Let l(s) = 7*s**2 - 3*s + 4. Let u be l(g). Calculate the greatest common factor of c and u.
19
Suppose 4 = 93*h - 92*h. What is the highest common divisor of h and 88?
4
Let d be 3/(-24)*2 + (-5)/(-4). Let c be (26 - 15) + (0/1 - d). Calculate the greatest common divisor of 250 and c.
10
Let o = 19 - 14. Suppose r = -3*y - 5, -r = -3*y + 4*y - o. What is the highest common divisor of 30 and r?
10
Let p be -19 + 0/(-5) + 4. Let j = p + 29. What is the greatest common factor of 21 and j?
7
Let z be ((-256)/(-10))/(10/25). Let y = z - -13. Suppose -4*f + 27 = -3*f - 4*r, -3*f - 5*r + 13 = 0. What is the highest common factor of y and f?
11
Let n = -16 + 26. Let p be -24*(-1)/9*210/8. What is the highest common factor of n and p?
10
Let h(j) = -7*j + 2. Let k be h(2). Let u be (k/5)/((-18)/180). Calculate the highest common divisor of u and 16.
8
Suppose -184 = -4*i - 5*q, -5*i + 4*q - 25 = -255. Let w = i + -30. Calculate the highest common factor of 32 and w.
16
Suppose 0 = 25*s - 10*s - 1995. Suppose 4*g = i + 116, -5*g = 3*i - s - 29. Let u be (-4)/2*(1 + -6). What is the greatest common factor of u and g?
10
Let f(m) = -2*m + 9. Let b be f(-9). Suppose -32*c = -b*c - 45. Calculate the highest common divisor of 117 and c.
9
Suppose 24 = b + 2*n, -2*b - n + 2*n + 43 = 0. Suppose 3*u - 2*o - b = -0*u, o = 5*u - 25. Calculate the greatest common divisor of u and 12.
4
Suppose -2*b = -5*g - 19 - 10, -4*b = -g - 85. Let d(n) = -20*n - 4. Let v be d(-9). What is the greatest common divisor of b and v?
22
Let t = -550 - -955. What is the highest common divisor of t and 15?
15
Let h(y) = -3*y**2 + 39*y - 17. Let q be h(11). Calculate the greatest common divisor of 196 and q.
49
Suppose 0 = -40*i + 11224 - 2944. What is the greatest common divisor of 276 and i?
69
Suppose -5*y + a - 56 = 72, 3*y + 60 = -5*a. Let z = 34 + y. Calculate the highest common divisor of 6 and z.
3
Let y = 15 - 4. Let r = y - 11. Suppose r = -6*q + 307 + 17. Calculate the greatest common factor of 36 and q.
18
Let y(m) = 12*m**2 - 4*m + 1. Let l be y(-3). Suppose 2*a - 3 - 5 = 0. Let j be ((-66)/24)/((-1)/a). Calculate the greatest common factor of l and j.
11
Let h be -3 + 6 - 142*-2. Let r = h + -111. Calculate the greatest common factor of 16 and r.
16
Suppose -34*d + 38*d - 848 = 0. Let g = d + -140. Suppose 0 = h + 3*p - 66, 0 = h - 3*p + 12 - g. Calculate the greatest common divisor of h and 7.
7
Let l = -980 - -1020. Let y = 1 + 4. What is the greatest common divisor of y and l?
5
Suppose 0*n - 20 = -4*n, u = 5*n + 119. Let t = 284 - -20. Let i = t - u. Calculate the greatest common factor of i and 20.
20
Let m = -1075 - -1569. Calculate the greatest common divisor of 26 and m.
26
Let x(d) = -532*d - 94. Let v be x(-1). Calculate the greatest common factor of v and 6.
6
Let n be ((-1)/(-6))/((-9)/(-54)). Calculate the greatest common divisor of 1 and n.
1
Let o be -1 + (-38)/(4/(-2)). Calculate the greatest common factor of 30 and o.
6
Let r be 861/(-82)*8/(-14). Calculate the highest common factor of r and 138.
6
Suppose -195 + 97 = -n. What is the greatest common factor of 504 and n?
14
Let v be -4 - 13/((-39)/222). What is the greatest common divisor of 42 and v?
14
Suppose 9*q = 5*q + 744. Suppose -188*k + q*k + 16 = 0. Calculate the highest common divisor of 40 and k.
8
Suppose 4*q - 4*w = 44, 6 = q + 3*w - 9. Suppose -4*r = -7*r + 396. What is the greatest common factor of r and q?
12
Suppose b = 4*i - b - 24, -4*i - 3*b = -14. Suppose y + 72 = i*y. Let v(m) = 9*m + 9. Let k be v(3). Calculate the highest common factor of y and k.
18
Let v = 24 + -8. Suppose -5*w + v = -9. Suppose -3*o = -w*o + 4. What is the highest common divisor of 6 and o?
2
Let i(a) = 25*a. Suppose -d + 6 = -5*k, 3*d - 2*k + 5 - 10 = 0. Let h be i(d). Calculate the highest common factor of 175 and h.
25
Let w = 1052 - 1040. What is the highest common factor of 16 and w?
4
Suppose 11*v - 411 - 1206 = 0. Calculate the greatest common divisor of v and 84.
21
Let i be 35/(-5) + (-44 - -4)/(-4). Calculate the highest common divisor of 23 and i.
1
Suppose 40 - 152 = -4*s. Suppose -4*f - 2*i + 72 = 0, -3*f - 2*i = -3*i - 49. Let t = s - f. Calculate the highest common divisor of t and 55.
11
Let m = 855 + -820. Let c be (-1 - 2/(-1)) + 13. Calculate the greatest common factor of m and c.
7
Suppose 5*i - 3*b - 36 = 2*i, -5*i - 5*b + 40 = 0. Suppose 52 = m - 2*s, -2*s + 4*s = 2*m - 96. Let t = m + -4. Calculate the highest common factor of i and t.
10
Suppose -65*a + 252 = -58*a. What is the greatest common divisor of 9 and a?
9
Let b be 424/136 + 8/(-68) - -206. What is the greatest common divisor of b and 19?
19
Let l be (0 - -5 - 11) + 481. Calculate the highest common factor of l and 50.
25
Let i be (44/(-16))/(3/(-156)). What is the highest common factor of 26 and i?
13
Let q(i) = -3*i**2 - 7 - 22*i + 13*i - 4*i**2 + i**2 + 7*i**2. Let d be (0 - 2/(-2)) + 10. Let v be q(d). Calculate the greatest common divisor of 15 and v.
15
Let m = -11 + 23. Suppose 3*a = 4*w + 7, -3*w - w = -5*a + 9. Let j be -21*a*(-48)/28. What is the greatest common divisor of j and m?
12
Let w = -7 + 23. Let m be (-72)/15*(-7)/((-21)/(-240)). Suppose 3*o - m = -q, 3*q + 2*q = 3*o - 384. Calculate the greatest common factor of w and o.
16
Suppose 405 = 36*m - 2187. Calculate the highest common divisor of m and 396.
36
Suppose k + 3*v = 59 - 5, -3*v - 306 = -5*k. Suppose -a - j = -4*j - 24, -72 = -3*a - 3*j. Calculate the highest common factor of a and k.
12
Suppose 4 = 4*q, 85*a - 86*a = 3*q - 84. Calculate the greatest common factor of 117 and a.
9
Let u be (0/(-8) + 6)/((-3)/4). Let y(w) = 3*w**2 - 10*w - 8. Let b be y(u). What is the greatest common divisor of 24 and b?
24
Let q(w) = -16*w - 9. Let l be q(-3). Suppose -4*v + l = 5*h, v + 24 = h + 9. Suppose 0 = -y - 3*y + 88. Calculate the highest common factor of y and h.
11
Let v be 3/(-6) + 81/(-6)*-1. Calculate the greatest common factor of v and 104.
13
Suppose 3*l - 27 - 66 = 0. Suppose -9483 = 477*r - 68631. Calculate the highest common divisor of r and l.
31
Let s be ((-20)/5 - -10)/(1*2). Suppose -2*q + n = -3*n - 60, q - 25 = -s*n. Calculate the highest common divisor of 28 and q.
28
Suppose -2*j + 100 = -12*j. Let i = 12 - j. What is the highest common divisor of i and 55?
11
Let k(h) = 19*h**2 + 1. Let t be k(-1). Let m be (0 + -1)/(-1 - t/(-22)). Calculate the greatest common factor of m and 11.
11
Let d(c) = 4*c + 52. Let p be d(5). Let u(r) = -2*r**2 - 12*r - 1. Let t be u(-5). What is the greatest common factor of t and p?
9
Let z(y) = 4*y + 114. Let v be z(-21). Calculate the greatest common factor of v and 75.
15
Let a(y) = -y**3 + 16*y**2 + 18*y - 25. Let v be a(17). Let g be 2/6 - 5782/(-6). Let t be g/10 + v/20. Calculate the highest common divisor of 12 and t.
12
Suppose -j + 77 = -4*j - 5*x, -3*j - 4*x = 73. Let g = 1 - j. Calculate the highest common divisor of 4 and g.
4
Let q be -5*(-2 + (-8)/5). Suppose -1